{"id":13,"date":"2018-01-21T12:21:15","date_gmt":"2018-01-21T11:21:15","guid":{"rendered":"https:\/\/ecavraca.sk\/?page_id=13"},"modified":"2022-04-01T10:34:22","modified_gmt":"2022-04-01T08:34:22","slug":"vitajte","status":"publish","type":"page","link":"https:\/\/ecavraca.sk\/","title":{"rendered":"Cirkevn\u00fd zbor ECAV Bratislava-Ra\u010da"},"content":{"rendered":"<div id=\"pl-13\"  class=\"panel-layout\" ><div id=\"pg-13-0\"  class=\"panel-grid panel-no-style\" ><div id=\"pgc-13-0-0\"  class=\"panel-grid-cell\" >\n\t\t<div id=\"panel-13-0-0-0\" class=\"so-panel widget widget_recent-posts widget_recent_entries panel-first-child panel-last-child\" data-index=\"0\" >\n\t\t<h3 class=\"widget-title\">Oznamy<\/h3>\n\t\t<ul>\n\t\t\t\t\t\t\t\t\t\t\t<li>\n\t\t\t\t\t<a href=\"https:\/\/ecavraca.sk\/?p=1082\">Slu\u017eby Bo\u017eie po\u010das Ve\u013ekono\u010dn\u00fdch sviatkov<\/a>\n\t\t\t\t\t\t\t\t\t\t\t<span class=\"post-date\">25. marca 2026<\/span>\n\t\t\t\t\t\t\t\t\t<\/li>\n\t\t\t\t\t\t\t\t\t\t\t<li>\n\t\t\t\t\t<a href=\"https:\/\/ecavraca.sk\/?p=1074\">konfirma\u010dn\u00e1 pr\u00edprava 2. ro\u010d.<\/a>\n\t\t\t\t\t\t\t\t\t\t\t<span class=\"post-date\">24. janu\u00e1ra 2026<\/span>\n\t\t\t\t\t\t\t\t\t<\/li>\n\t\t\t\t\t\t\t\t\t\t\t<li>\n\t\t\t\t\t<a href=\"https:\/\/ecavraca.sk\/?p=1064\">Slu\u017eby Bo\u017eie po\u010das Vianoc 2025<\/a>\n\t\t\t\t\t\t\t\t\t\t\t<span class=\"post-date\">17. decembra 2025<\/span>\n\t\t\t\t\t\t\t\t\t<\/li>\n\t\t\t\t\t<\/ul>\n\n\t\t<\/div><\/div><\/div><div id=\"pg-13-1\"  class=\"panel-grid panel-no-style\" ><div id=\"pgc-13-1-0\"  class=\"panel-grid-cell\" ><div id=\"panel-13-1-0-0\" class=\"so-panel widget widget_text panel-first-child panel-last-child\" data-index=\"1\" ><h3 class=\"widget-title\">Slu\u017eby Bo\u017eie<\/h3>\t\t\t<div class=\"textwidget\"><p><strong>Slu\u017eby Bo\u017eie v nede\u013eu:<\/strong><\/p>\n<ul>\n<li>9:00 Ra\u010da<\/li>\n<li>10:30 Bernol\u00e1kovo<\/li>\n<li>11:30 Ivanka pri Dunaji (Infocentrum M. R. \u0160tef\u00e1nika) &#8211;\u00a02. nede\u013ea v mesiaci<\/li>\n<li>13:00 DD DSS Podbrezovsk\u00e1 28 &#8211; 2. nede\u013ea v mesiaci<\/li>\n<\/ul>\n<p><strong>Slu\u017eby Bo\u017eie cez t\u00fd\u017ede\u0148 (v p\u00f4ste a advente)<\/strong><\/p>\n<ul>\n<li>streda 17:00 &#8211; Ra\u010da<\/li>\n<\/ul>\n<p><strong>Detsk\u00e9 slu\u017eby Bo\u017eie<\/strong><\/p>\n<ul>\n<li>9:00 &#8211; za\u010d\u00ednaj\u00fa v kostole na slu\u017eb\u00e1ch Bo\u017e\u00edch v Ra\u010di.<\/li>\n<li>10:30 &#8211; za\u010d\u00ednaj\u00fa v kostole na slu\u017eb\u00e1ch Bo\u017e\u00edch v Bernol\u00e1kove<\/li>\n<\/ul>\n<p><strong>Biblick\u00e1 hodina<\/strong><\/p>\n<ul>\n<li>streda 17:00 &#8211; Ra\u010da &#8211; zborov\u00e1 sie\u0148 (okrem adventu, p\u00f4stu a pr\u00e1zdnin)<\/li>\n<\/ul>\n<p><strong>Modlitebn\u00e9 spolo\u010denstvo<\/strong><\/p>\n<ul>\n<li>pondelok 19:00\u00a0&#8211; Ra\u010da &#8211; zborov\u00e1 sie\u0148<\/li>\n<\/ul>\n<p><strong>Ve\u010dera P\u00e1nova so spove\u010fou (okrem sviatkov) v r\u00e1mci Slu\u017eieb Bo\u017e\u00edch<\/strong><\/p>\n<ul>\n<li>Kostol Ra\u010da &#8211; 2. nede\u013ea v mesiaci<\/li>\n<li>Kostol Bernol\u00e1kovo &#8211; 1. nede\u013ea v mesiaci<\/li>\n<li>Ivanka pri Dunaji (Infocentrum M. R. \u0160tef\u00e1nika) &#8211; pod\u013ea oznamov<\/li>\n<\/ul>\n<p>&nbsp;<\/p>\n<\/div>\n\t\t<\/div><\/div><div id=\"pgc-13-1-1\"  class=\"panel-grid-cell\" ><div id=\"panel-13-1-1-0\" class=\"so-panel widget widget_sow-google-map panel-first-child panel-last-child\" data-index=\"2\" ><div\n\t\t\t\n\t\t\tclass=\"so-widget-sow-google-map so-widget-sow-google-map-default-6b23895f316e-13\"\n\t\t\t\n\t\t>\n<div class=\"sow-google-map-canvas\"\n\tstyle=\"\"\n\tid=\"map-canvas-45f09e10311f543a70f37ce124d296c7\"\n\tdata-options=\"{&quot;address&quot;:&quot;Alstrova 8706, Bratislava Ra\\u010da&quot;,&quot;zoom&quot;:15,&quot;mobileZoom&quot;:15,&quot;gestureHandling&quot;:&quot;greedy&quot;,&quot;disableUi&quot;:false,&quot;markerIcon&quot;:false,&quot;markersDraggable&quot;:false,&quot;markerAtCenter&quot;:true,&quot;markerInfoDisplay&quot;:&quot;click&quot;,&quot;markerInfoMultiple&quot;:true,&quot;markerPositions&quot;:false,&quot;mapName&quot;:false,&quot;mapStyles&quot;:false,&quot;directions&quot;:&quot;&quot;,&quot;apiKey&quot;:&quot;AIzaSyBxi36d7qshpmdI_xjDmyxb_hkYu1v6Mic&quot;,&quot;breakpoint&quot;:780,&quot;id&quot;:&quot;69f340&quot;}\"\n\tdata-fallback-image=\"{&quot;img&quot;:&quot;&quot;}\"><\/div>\n<\/div><\/div><\/div><\/div><\/div>","protected":false},"excerpt":{"rendered":"<p>Slu\u017eby Bo\u017eie v nede\u013eu: 9:00 Ra\u010da 10:30 Bernol\u00e1kovo 11:30 Ivanka pri Dunaji (Infocentrum M. R. \u0160tef\u00e1nika) &#8211;\u00a02. nede\u013ea v mesiaci 13:00 DD DSS Podbrezovsk\u00e1 28 &#8211; 2. nede\u013ea v mesiaci Slu\u017eby Bo\u017eie cez t\u00fd\u017ede\u0148 (v p\u00f4ste a advente)&#8230; <a class=\"read-more\" href=\"https:\/\/ecavraca.sk\/\">Read More<\/a><\/p>\n","protected":false},"author":1,"featured_media":0,"parent":0,"menu_order":0,"comment_status":"closed","ping_status":"closed","template":"","meta":{"footnotes":""},"class_list":["post-13","page","type-page","status-publish","hentry","no-comments"],"_links":{"self":[{"href":"https:\/\/ecavraca.sk\/index.php?rest_route=\/wp\/v2\/pages\/13","targetHints":{"allow":["GET"]}}],"collection":[{"href":"https:\/\/ecavraca.sk\/index.php?rest_route=\/wp\/v2\/pages"}],"about":[{"href":"https:\/\/ecavraca.sk\/index.php?rest_route=\/wp\/v2\/types\/page"}],"author":[{"embeddable":true,"href":"https:\/\/ecavraca.sk\/index.php?rest_route=\/wp\/v2\/users\/1"}],"replies":[{"embeddable":true,"href":"https:\/\/ecavraca.sk\/index.php?rest_route=%2Fwp%2Fv2%2Fcomments&post=13"}],"version-history":[{"count":40,"href":"https:\/\/ecavraca.sk\/index.php?rest_route=\/wp\/v2\/pages\/13\/revisions"}],"predecessor-version":[{"id":271,"href":"https:\/\/ecavraca.sk\/index.php?rest_route=\/wp\/v2\/pages\/13\/revisions\/271"}],"wp:attachment":[{"href":"https:\/\/ecavraca.sk\/index.php?rest_route=%2Fwp%2Fv2%2Fmedia&parent=13"}],"curies":[{"name":"wp","href":"https:\/\/api.w.org\/{rel}","templated":true}]}}